 = -6*w + 3*k. List the prime factors of w.
2
Suppose 0*c - c = -3. Let w = -21 - -42. Suppose c = -3*y + w. List the prime factors of y.
2, 3
Let v = -12 + 8. Let y be 21/(-14) + (-10)/v. What are the prime factors of (2 + 2)*(3 - y)?
2
List the prime factors of 890/10 + (1 - -1).
7, 13
Let o(v) = -99*v - 3. Let h be o(4). Let t be h/15 - 2/5. List the prime factors of (-222)/t + (-8)/36.
2
Suppose o - 4 = -o. Suppose 4*m + o*y - 12 = 20, -4*m + 3*y + 32 = 0. Suppose 4*q - 20 = m*q, 4*p + 4*q + 4 = 0. List the prime factors of p.
2
Suppose -4*q - 2*g + 399 = q, 405 = 5*q + 5*g. List the prime factors of q.
79
Let t(q) = -q**3 - 12*q**2 - 14*q + 7. List the prime factors of t(-11).
2, 5
Let f(u) = 10*u**2 + 3*u - 8. List the prime factors of f(-4).
2, 5, 7
Let d(x) = -4 - 2*x**2 - 2 - 1 + x**3 - 2*x. Let q be d(5). Suppose v + 2*i - 32 = -2*v, -5*i - q = -4*v. What are the prime factors of v?
2, 3
Let o = 8 - 5. Suppose o*c - 2*s - 32 = 0, -5*c + 4*s = -s - 55. Let k = -6 + c. List the prime factors of k.
2
What are the prime factors of (-1124)/(-36) - 6/27?
31
Suppose -2*c + 12 = 2*c. Suppose -4 = -5*y + 81. Suppose -c*t + 89 = y. List the prime factors of t.
2, 3
Let y(z) = 3 + 3*z - 2*z + 1 + 3. Let n be y(-6). What are the prime factors of (3 - 4)/(n/(-2))?
2
Let c(p) be the first derivative of -4*p**2 + p - 3. What are the prime factors of c(-1)?
3
Suppose j - 4*z = -0 - 3, -3*z - 19 = -5*j. Suppose 0 = j*h - 2*h - 6. List the prime factors of h.
2
Suppose -j = 2*j + 12, t - 3*j - 14 = 0. Suppose 10 = c - 5*h, -5*c + 0*h = -t*h - 73. What are the prime factors of c?
3, 5
Suppose -p - 2 = 0, -5*y + 3*p + 1 = 5. List the prime factors of (2 + (-33)/6)*y.
7
Let b(y) = -y**2 - y - 6. Let z(d) = 2*d**2 + d + 8 + d - 1. Let n(w) = 3*b(w) + 2*z(w). List the prime factors of n(-3).
2
Suppose -2*o = -150 - 2. Let k = -37 + o. List the prime factors of k.
3, 13
Suppose 2*a - 17 = 7. Suppose -5 = -5*q - 0. List the prime factors of q/(-4) + 135/a.
11
Suppose 0 = -5*d + 78 + 72. What are the prime factors of d?
2, 3, 5
Suppose 0 = -0*v - 3*v. Suppose 3*x = -4*y - v*y, x = 5*y. Suppose 0*p = -p + 2*h + 14, 2*p - 2*h - 20 = x. What are the prime factors of p?
2, 3
List the prime factors of 30/9 + 2/(-6).
3
What are the prime factors of (182/(-8))/((-4)/16)?
7, 13
What are the prime factors of 453*2/3 + -4?
2, 149
Let b(w) = -w**2 + 8*w - 9. Let f be b(6). Suppose 5*r - 3*i - 112 = r, -85 = -f*r + 2*i. What are the prime factors of r?
31
What are the prime factors of 87/(-58)*232/(-6)?
2, 29
Let h(d) = 23*d - 11. Let v(m) = -11*m + 5. Let r(w) = -6*h(w) - 13*v(w). What are the prime factors of r(1)?
2, 3
List the prime factors of 1 - 1 - (-17 - -13).
2
Let q(l) = l**2 - 2*l - 3. Let g be q(-4). Let v = 7 - 3. Suppose -n = -v*n + g. What are the prime factors of n?
7
Let u = 33 + -26. Let x(y) = 8*y**2 - 1 - 5*y - y**3 - 1 - 6. What are the prime factors of x(u)?
2, 3
List the prime factors of (2 - -1)*2640/45.
2, 11
Suppose -9*o + 4420 = 11*o. What are the prime factors of o?
13, 17
Let l(s) = -2*s**2 - 15*s + 2. Let k(j) = -3*j**2 - 16*j + 2. Let d(r) = 3*k(r) - 4*l(r). What are the prime factors of d(10)?
2, 3
Suppose 6*h - 3*h = 9. Suppose 6 = -3*t, 0 = -h*v - v - 3*t + 62. List the prime factors of v.
17
What are the prime factors of (-6)/4*76/(-3)?
2, 19
Suppose -2*a - z + 236 = 0, -5*a + 0*z = -4*z - 577. List the prime factors of a.
3, 13
Let n(c) = c**3 + 13*c**2 + 12*c + 5. Let i be n(-12). Suppose -4*h - 8 = 3*b - 2*h, i*h = -20. Suppose -5*l + l + 52 = b. List the prime factors of l.
13
Let i = -43 - -16. Suppose 3*l + 5*c + 77 = 0, 3*l + 52 = -c - 9. Let d = l - i. What are the prime factors of d?
2
Let b be ((-1)/((-1)/(-2)))/(-2). List the prime factors of (-2 - -38) + b + -3.
2, 17
Let n(c) = c**2 + 7*c + 6. Let i be n(-6). List the prime factors of (1 + i)*(3 - -2).
5
Let m(a) = 10*a**2 + a + 12. What are the prime factors of m(-4)?
2, 3, 7
Let c = 18 - 15. List the prime factors of c.
3
Let c(h) = h**3 + h**2 - h - 1. Let f(t) = t**3 + 4*t**2 - 5*t. Let v be (1/2)/((-2)/4). Let z(j) = v*f(j) + 2*c(j). List the prime factors of z(2).
2
Suppose -3*b + b + 8 = 0. Suppose b*v - 153 = v. List the prime factors of v.
3, 17
Let i be ((-6)/(-4))/((-12)/496). What are the prime factors of i/(-4) - 3/6?
3, 5
Let k(x) = x**3 - 9*x**2 - 11*x - 2. Let o be k(10). Let n = 29 + o. List the prime factors of n.
17
Let u(n) = 2*n - 12. Let g be u(6). Suppose -4*a - 3*b + 113 = g, 2*a - 59 = 2*b - b. List the prime factors of a.
29
Let z = -58 - -141. Suppose 0 = -3*k - 15, k - 23 + z = 5*m. List the prime factors of m.
11
Let q(r) = -2*r**2 - 24*r + 52. List the prime factors of q(-12).
2, 13
Let u(v) = 2 + 0*v**2 + 2*v**2 - 3*v - 4 + 0*v**2. Suppose 5*d = 3*g - 9, 0 = 4*g - 2*d + 2 - 0. What are the prime factors of u(g)?
2, 3
Let v(f) = -6*f - 14. What are the prime factors of v(-6)?
2, 11
List the prime factors of ((-126)/(-4))/9*126 + -4.
19, 23
List the prime factors of (-2)/(-1*(-4)/(-24)).
2, 3
Let j(o) = o**2 - 9*o + 6. Let v be j(6). Let d = v - -40. List the prime factors of d.
2, 7
Let b be (148/6)/(14/21). Let q = 58 - b. List the prime factors of q.
3, 7
Suppose -3*w = -4*t + 157, 2*w = -5*t + 72 + 153. List the prime factors of t.
43
Suppose -4*b = 5*s - 360, -b + 154 = b - 4*s. List the prime factors of b.
5, 17
Let q be -4*(-2 - (-33)/12). Let d(a) = -a**2 + 6*a + 3. Let k be d(3). Let v = q + k. List the prime factors of v.
3
Suppose 3*k - 2*y + 7 = 0, 0 = -k - 3*y - 0 + 16. Let r be (-2)/2 + k + 55. Suppose -5*s + r = -5*t, 14 = s - 3*t - 5. What are the prime factors of s?
7
Let i(g) = 2*g**2 - 14*g + 5. What are the prime factors of i(9)?
41
Suppose -27 = 3*i + 4*w - 3*w, -2*i - 13 = -w. Let z = i + 4. List the prime factors of -1*20/(z + 2).
2, 5
List the prime factors of 280/6 + 4/12.
47
Let i(j) = 1 - 2 - j + 0. What are the prime factors of i(-6)?
5
Let s(m) = -2*m + 2*m - m - m. What are the prime factors of s(-9)?
2, 3
Suppose 656 = 5*l - l. What are the prime factors of l?
2, 41
Suppose -b - 2*b = 0. Let r = b + 41. List the prime factors of r.
41
Let b = 62 + -87. List the prime factors of (-2)/(-4) + b/(-2).
13
Let g = -577 - -877. What are the prime factors of g?
2, 3, 5
Suppose -3*t + 69 + 75 = 0. List the prime factors of t.
2, 3
Let q = -289 + 460. What are the prime factors of q?
3, 19
Suppose -4 = -4*b, -3*h - 6*b = -b - 17. Suppose 3*w + h = 28. What are the prime factors of w?
2
Let r(n) = 90*n. Let l be r(-1). Let m = -59 - l. List the prime factors of m.
31
Let t(c) = -c**2 - 17*c - 9. Let j(g) = g. Let i(q) = -5*j(q) - t(q). Let v be i(-11). What are the prime factors of (v + -1)*(4 + -7)?
3
Suppose -48*r + 66 = -46*r. List the prime factors of r.
3, 11
Let r(w) = -4*w - 5. Suppose 0 = 5*n - 5*q + 40, -3*q + 16 = -3*n - 4*q. What are the prime factors of r(n)?
19
Let z(a) = -a**3 + 7*a**2 + 3*a - 6. Let v be z(7). Let d be 9 + (-2 + -1 - -3). Let w = v - d. What are the prime factors of w?
2, 3
Let s be 24/132 - (-18)/22. List the prime factors of -2*(-3 - s/(-2)).
5
Let l(p) = -p**2 + 7*p - 1. Let m(q) = q**2 + 4*q - 7. Let w be m(-6). What are the prime factors of l(w)?
3
Let m = -11 - -19. Let s be (-6)/m + (-45)/(-12). Suppose -s*p + 26 = p - 3*o, p = -2*o + 1. What are the prime factors of p?
5
Suppose 0*a + 4*a + 4 = 0, 0 = -3*h + a + 1. Let q be (-4)/8*h/2. Suppose q = g + 4*g - 25. List the prime factors of g.
5
Let t be ((-6)/4)/(3/(-4)). List the prime factors of t - -6 - (-1 - -2).
7
Suppose 5*u - 2*u + 3*m - 24 = 0, -2*u - 4*m = -26. Suppose -u*z + 32 = -z. List the prime factors of z.
2
List the prime factors of 1 + -3 + 122 + 2.
2, 61
Suppose 0 = 4*q + 4*o + 12, -6*q = -q - 4*o + 6. Let g(p) = -11*p - 2. List the prime factors of g(q).
2, 5
Suppose 5*k = -10, q + 2*k = -k + 14. Let f = q - 4. Suppose -s + f = 5*j, 11 = -5*s - 9. List the prime factors of j.
2
Let l be (144/28)/(1/7). Suppose -g = -4*g + l. What are the prime factors of g?
2, 3
Let s(h) = 2*h**2 - 4*h - 5. List the prime factors of s(7).
5, 13
List the prime factors of 7/28 + 587/4 + 0.
3, 7
Suppose 0*s - 15 = 3*s - 3*t, 3*s + 4*t = -1. Let v be (-2)/4*(-3 - s). Suppose -l = -3 - v. What are the prime factors of l?
3
Let p(m) be t